{"id":8,"date":"2018-05-29T15:33:43","date_gmt":"2018-05-29T13:33:43","guid":{"rendered":"https:\/\/www.innsbruck-billard.at\/?page_id=8"},"modified":"2018-06-01T07:05:25","modified_gmt":"2018-06-01T05:05:25","slug":"pool-shooters-die-billard-bar-in-innsbruck","status":"publish","type":"page","link":"https:\/\/www.innsbruck-billard.at\/","title":{"rendered":"Pool SHooters &#8211; Die Billard Bar in Innsbruck"},"content":{"rendered":"<p>Willkommen im Pool SHooters &#8211; Bar, Billard und vieles mehr.<br \/>\nIn Innsbruck, oberhalb des M\u00f6belhauses Joka gelegen, sind wir zentraler Treffpunkt f\u00fcr feine Getr\u00e4nke, coole Darts-, Billard-Partien und chillige Stunden auf unserer Sonnenterrasse!<\/p>\n<p>Genie\u00dft Eure Zeit in unserem Lounge-Bereich, der als Kombination mit unserer Bar zum Verweilen einl\u00e4dt. Unsere ausgefeilte Getr\u00e4nkekarte, die zu unterschiedlichen Versuchungen einl\u00e4dt, sowie kleine Snacks sorgen f\u00fcr die n\u00f6tigen Gaumenfreuden! Ihr sucht eine gute Bar in Innsbruck? Wir bieten Euch:<br \/>\n\u2022 6 Dartsautomaten<br \/>\n\u2022 10 Pool-Billardtische<br \/>\n\u2022 Brettspiele und Simulatoren<\/p>\n<p>Besucht uns und lasst Euch von tollem Flair und einer gro\u00dfen Auswahl an Spielen begeistern &#8211; wir freuen uns auf Euch. F\u00fcr gr\u00f6\u00dfere Gruppen k\u00f6nnt Ihr selbstverst\u00e4ndlich auch gerne telefonisch reservieren!<\/p>\n","protected":false},"excerpt":{"rendered":"<p>Willkommen im Pool SHooters &#8211; Bar, Billard und vieles mehr. In Innsbruck, oberhalb des M\u00f6belhauses Joka gelegen, sind wir zentraler Treffpunkt f\u00fcr feine Getr\u00e4nke, coole Darts-, Billard-Partien und chillige Stunden auf unserer Sonnenterrasse! Genie\u00dft Eure Zeit in unserem Lounge-Bereich, der als Kombination mit unserer Bar zum Verweilen einl\u00e4dt. Unsere ausgefeilte Getr\u00e4nkekarte, die zu unterschiedlichen Versuchungen [&hellip;]<\/p>\n","protected":false},"author":1,"featured_media":24,"parent":0,"menu_order":0,"comment_status":"closed","ping_status":"closed","template":"","meta":{"footnotes":""},"class_list":["post-8","page","type-page","status-publish","has-post-thumbnail","hentry"],"_links":{"self":[{"href":"https:\/\/www.innsbruck-billard.at\/index.php?rest_route=\/wp\/v2\/pages\/8","targetHints":{"allow":["GET"]}}],"collection":[{"href":"https:\/\/www.innsbruck-billard.at\/index.php?rest_route=\/wp\/v2\/pages"}],"about":[{"href":"https:\/\/www.innsbruck-billard.at\/index.php?rest_route=\/wp\/v2\/types\/page"}],"author":[{"embeddable":true,"href":"https:\/\/www.innsbruck-billard.at\/index.php?rest_route=\/wp\/v2\/users\/1"}],"replies":[{"embeddable":true,"href":"https:\/\/www.innsbruck-billard.at\/index.php?rest_route=%2Fwp%2Fv2%2Fcomments&post=8"}],"version-history":[{"count":3,"href":"https:\/\/www.innsbruck-billard.at\/index.php?rest_route=\/wp\/v2\/pages\/8\/revisions"}],"predecessor-version":[{"id":78,"href":"https:\/\/www.innsbruck-billard.at\/index.php?rest_route=\/wp\/v2\/pages\/8\/revisions\/78"}],"wp:featuredmedia":[{"embeddable":true,"href":"https:\/\/www.innsbruck-billard.at\/index.php?rest_route=\/wp\/v2\/media\/24"}],"wp:attachment":[{"href":"https:\/\/www.innsbruck-billard.at\/index.php?rest_route=%2Fwp%2Fv2%2Fmedia&parent=8"}],"curies":[{"name":"wp","href":"https:\/\/api.w.org\/{rel}","templated":true}]}}