{"id":30,"date":"2018-05-29T15:50:14","date_gmt":"2018-05-29T13:50:14","guid":{"rendered":"https:\/\/www.innsbruck-billard.at\/?page_id=30"},"modified":"2018-09-25T08:00:29","modified_gmt":"2018-09-25T06:00:29","slug":"billard-im-pool-shooters","status":"publish","type":"page","link":"https:\/\/www.innsbruck-billard.at\/?page_id=30","title":{"rendered":"Billard im Pool SHooters"},"content":{"rendered":"\t\t<div data-elementor-type=\"wp-post\" data-elementor-id=\"30\" class=\"elementor elementor-30 elementor-bc-flex-widget\">\n\t\t\t\t\t\t<section class=\"elementor-section elementor-top-section elementor-element elementor-element-76569b6c elementor-section-boxed elementor-section-height-default elementor-section-height-default\" data-id=\"76569b6c\" data-element_type=\"section\" data-e-type=\"section\">\n\t\t\t\t\t\t<div class=\"elementor-container elementor-column-gap-default\">\n\t\t\t\t\t<div class=\"elementor-column elementor-col-100 elementor-top-column elementor-element elementor-element-5f23d9e8\" data-id=\"5f23d9e8\" data-element_type=\"column\" data-e-type=\"column\">\n\t\t\t<div class=\"elementor-widget-wrap elementor-element-populated\">\n\t\t\t\t\t\t<div class=\"elementor-element elementor-element-d587132 elementor-arrows-position-inside elementor-pagination-position-outside elementor-widget elementor-widget-image-carousel\" data-id=\"d587132\" data-element_type=\"widget\" data-e-type=\"widget\" data-settings=\"{&quot;slides_to_show&quot;:&quot;2&quot;,&quot;navigation&quot;:&quot;both&quot;,&quot;autoplay&quot;:&quot;yes&quot;,&quot;pause_on_hover&quot;:&quot;yes&quot;,&quot;pause_on_interaction&quot;:&quot;yes&quot;,&quot;autoplay_speed&quot;:5000,&quot;infinite&quot;:&quot;yes&quot;,&quot;speed&quot;:500}\" data-widget_type=\"image-carousel.default\">\n\t\t\t\t<div class=\"elementor-widget-container\">\n\t\t\t\t\t\t\t<div class=\"elementor-image-carousel-wrapper swiper\" role=\"region\" aria-roledescription=\"carousel\" aria-label=\"Bild Karussell\" dir=\"ltr\">\n\t\t\t<div class=\"elementor-image-carousel swiper-wrapper\" aria-live=\"off\">\n\t\t\t\t\t\t\t\t<div class=\"swiper-slide\" role=\"group\" aria-roledescription=\"slide\" aria-label=\"1 von 3\"><figure class=\"swiper-slide-inner\"><img decoding=\"async\" class=\"swiper-slide-image\" src=\"https:\/\/www.innsbruck-billard.at\/wp-content\/uploads\/2018\/09\/IMG_0980-300x225.jpg\" alt=\"IMG_0980\" \/><\/figure><\/div><div class=\"swiper-slide\" role=\"group\" aria-roledescription=\"slide\" aria-label=\"2 von 3\"><figure class=\"swiper-slide-inner\"><img decoding=\"async\" class=\"swiper-slide-image\" src=\"https:\/\/www.innsbruck-billard.at\/wp-content\/uploads\/2018\/05\/Bilalrd_1-300x225.jpg\" alt=\"Bilalrd_1\" \/><\/figure><\/div><div class=\"swiper-slide\" role=\"group\" aria-roledescription=\"slide\" aria-label=\"3 von 3\"><figure class=\"swiper-slide-inner\"><img decoding=\"async\" class=\"swiper-slide-image\" src=\"https:\/\/www.innsbruck-billard.at\/wp-content\/uploads\/2018\/05\/Bilalrd_2-300x225.jpg\" alt=\"Bilalrd_2\" \/><\/figure><\/div>\t\t\t<\/div>\n\t\t\t\t\t\t\t\t\t\t\t\t<div class=\"elementor-swiper-button elementor-swiper-button-prev\" role=\"button\" tabindex=\"0\">\n\t\t\t\t\t\t<i aria-hidden=\"true\" class=\"eicon-chevron-left\"><\/i>\t\t\t\t\t<\/div>\n\t\t\t\t\t<div class=\"elementor-swiper-button elementor-swiper-button-next\" role=\"button\" tabindex=\"0\">\n\t\t\t\t\t\t<i aria-hidden=\"true\" class=\"eicon-chevron-right\"><\/i>\t\t\t\t\t<\/div>\n\t\t\t\t\n\t\t\t\t\t\t\t\t\t<div class=\"swiper-pagination\"><\/div>\n\t\t\t\t\t\t\t\t\t<\/div>\n\t\t\t\t\t\t<\/div>\n\t\t\t\t<\/div>\n\t\t\t\t<div class=\"elementor-element elementor-element-608f35d1 elementor-widget elementor-widget-text-editor\" data-id=\"608f35d1\" data-element_type=\"widget\" data-e-type=\"widget\" data-widget_type=\"text-editor.default\">\n\t\t\t\t<div class=\"elementor-widget-container\">\n\t\t\t\t\t\t\t\t\t<p>Im Pool SHooters in Innsbruck befinden sich 10 Billardtische. Unsere Neunfu\u00df-Turniertische der Marke Brunswick, Modell Gold Crown, bieten Platz sowohl f\u00fcr Spiele unter Freunden als auch f\u00fcr Turniere. Ruft uns einfach an und sprecht mit uns \u00fcber Termin und Verf\u00fcgbarkeit. Billard kann bei uns generell w\u00e4hrend der gesamten \u00d6ffnungszeiten gespielt werden.<\/p><h2><strong>Spielvarianten<\/strong><\/h2><h4>8er Ball<\/h4><p>Die wohl bekannteste Variation des Pool-Billard. Es wird mit 15 nummerierten Kugeln und dem Spielball (die wei\u00dfe Kugel) gespielt. Vor Spielbeginn werden die 15 Kugeln zu einem Dreieck aufgebaut. Ein Spieler hat die vollfarbigen (1-7) und der andere hat die gestreiften Kugeln (9-15). Das Grundziel bei diesem Spiel ist es, die schwarze 8 als erster Spieler zu lochen. Jedoch muss man vorher alle seine Kugeln lochen, entweder die &#8222;Halben&#8220; (Kugeln mit den Ziffern 9-15) oder die &#8222;Vollen&#8220; (Kugeln mit den Ziffern 1-7).<br \/>Wenn nach dem Ansto\u00df keine Kugel in eines der L\u00f6cher f\u00e4llt, ist der Gegner an der Reihe. Wenn eine Kugel f\u00e4llt, dann ist noch nicht entschieden, welcher Spieler die &#8222;Vollen&#8220; und welcher Spieler die \u201eHalben\u201c hat. Der Spieler, der angesto\u00dfen hat, ist dann nochmal an der Reihe und muss eine Kugel ansagen. Wenn er eine der &#8222;Halben&#8220; ansagt, hat er die &#8222;Halben&#8220; und umgekehrt. Ab diesem Zeitpunkt muss jeder Spieler vorher ansagen, welche Kugel er in welches Loch sto\u00dfen m\u00f6chte.<br \/>Wenn er eine Kugel richtig gelocht hat, ist er noch einmal an der Reihe. Sobald er alle sieben Kugeln versenkt hat, muss er die letzte Kugel &#8211; die schwarze 8 &#8211; spielen. Sollte ein Spieler die schwarze 8 ungl\u00fccklicherweise vor seinen 7 farbigen Kugeln versenkt haben, hat er das Spiel verloren.<br \/>Oft wird so gespielt, dass man die &#8222;schwarze 8&#8220; im gegen\u00fcberliegenden Loch der zuletzt versenkten Kugel versenken muss. Diese &#8222;Kneipen-Regel&#8220; ist keine offizielle Regel, jedoch findet sie oft Anklang. Richtig ist auch hier, dass man das Loch ansagt. Man darf bei jedem Sto\u00df das Loch neu ansagen. Wenn ein Spieler seine sieben Kugeln und die schwarze 8 richtig gelocht hat, hat er das Spiel gewonnen.<\/p><h4>9er Ball<\/h4><p>9er Ball ist die weltweit verbreitetste Spielart, die nach einheitlichem Modus gespielt wird. Es wird nur mit den Kugeln 1-9 und dem Spielball gespielt. Die neun Kugeln werden vor Spielbeginn zu einer Raute aufgebaut, wobei beachtet werden muss, dass die 1 (gelb, voll) an der Spitze und die 9 (gelb, halb) in der Mitte der Raute liegt. Der Spieler, der an der Reihe ist, muss stets die Kugel mit der niedrigsten Nummer zuerst anspielen.<br \/>Ziel dieses Spiels ist es, die 9 mit einem korrekten Sto\u00df in eine der Taschen zu versenken.<br \/>Versenkt er im Anschluss einen beliebigen Ball, darf er weiter spielen, muss aber wieder den Ball mit der kleinsten Ziffer als erstes anspielen. Wenn er keinen Ball versenkt, ist sein Gegenspieler an der Reihe.<br \/>Eine wichtige Sonderregel beim 9er Ball ist, dass ein Spieler ein sogenanntes &#8222;Push-Out&#8220; spielen kann. Dies bedeutet, dass er die wei\u00dfe Kugel irgendwo auf den Tisch spielen darf, wenn er die niedrigste Kugel nicht direkt anspielen kann. Dabei darf er aber keine andere Kugel ber\u00fchren. Dabei darf sein Gegenspieler entscheiden, ob er den Ball nach dem &#8222;Push-Out&#8220; selbst spielen m\u00f6chte &#8211; oder ob derjenige, der den &#8222;Push-Out&#8220; gespielt hat, nochmal spielen muss. Wenn ein Spieler die 9 direkt nach dem Ansto\u00df locht, hat er gewonnen. Wenn ein Spieler die 9 nach einem korrekten Sto\u00df locht, auch wenn noch andere Kugeln auf dem Tisch sind, hat er ebenfalls gewonnen. Bei einem Foul (wei\u00dfe Kugel versenkt, oder die falsche Kugel als erstes angespielt) hat der Gegenspieler &#8222;Ball in Hand&#8220; und darf die wei\u00dfe Kugel auf dem gesamten Tisch legen, wo er m\u00f6chte.<\/p><h4>Billard im Pool SHooters in Innsbruck<\/h4>\t\t\t\t\t\t\t\t<\/div>\n\t\t\t\t<\/div>\n\t\t\t\t\t<\/div>\n\t\t<\/div>\n\t\t\t\t\t<\/div>\n\t\t<\/section>\n\t\t\t\t<\/div>\n\t\t","protected":false},"excerpt":{"rendered":"<p>Im Pool SHooters in Innsbruck befinden sich 10 Billardtische. Unsere Neunfu\u00df-Turniertische der Marke Brunswick, Modell Gold Crown, bieten Platz sowohl f\u00fcr Spiele unter Freunden als auch f\u00fcr Turniere. Ruft uns einfach an und sprecht mit uns \u00fcber Termin und Verf\u00fcgbarkeit. Billard kann bei uns generell w\u00e4hrend der gesamten \u00d6ffnungszeiten gespielt werden. Spielvarianten 8er Ball Die [&hellip;]<\/p>\n","protected":false},"author":1,"featured_media":0,"parent":0,"menu_order":0,"comment_status":"closed","ping_status":"closed","template":"","meta":{"footnotes":""},"class_list":["post-30","page","type-page","status-publish","hentry"],"_links":{"self":[{"href":"https:\/\/www.innsbruck-billard.at\/index.php?rest_route=\/wp\/v2\/pages\/30","targetHints":{"allow":["GET"]}}],"collection":[{"href":"https:\/\/www.innsbruck-billard.at\/index.php?rest_route=\/wp\/v2\/pages"}],"about":[{"href":"https:\/\/www.innsbruck-billard.at\/index.php?rest_route=\/wp\/v2\/types\/page"}],"author":[{"embeddable":true,"href":"https:\/\/www.innsbruck-billard.at\/index.php?rest_route=\/wp\/v2\/users\/1"}],"replies":[{"embeddable":true,"href":"https:\/\/www.innsbruck-billard.at\/index.php?rest_route=%2Fwp%2Fv2%2Fcomments&post=30"}],"version-history":[{"count":8,"href":"https:\/\/www.innsbruck-billard.at\/index.php?rest_route=\/wp\/v2\/pages\/30\/revisions"}],"predecessor-version":[{"id":99,"href":"https:\/\/www.innsbruck-billard.at\/index.php?rest_route=\/wp\/v2\/pages\/30\/revisions\/99"}],"wp:attachment":[{"href":"https:\/\/www.innsbruck-billard.at\/index.php?rest_route=%2Fwp%2Fv2%2Fmedia&parent=30"}],"curies":[{"name":"wp","href":"https:\/\/api.w.org\/{rel}","templated":true}]}}